{"id":31,"date":"2016-05-13T14:14:23","date_gmt":"2016-05-13T14:14:23","guid":{"rendered":"http:\/\/remtech.com.pl\/?page_id=31"},"modified":"2019-09-27T12:41:15","modified_gmt":"2019-09-27T12:41:15","slug":"oferta","status":"publish","type":"page","link":"https:\/\/remtech.com.pl\/?page_id=31&lang=pl","title":{"rendered":"Oferta"},"content":{"rendered":"<p>Produkcja maszyn specjalistycznych wed\u0142ug wymaga\u0144 klienta.<br \/>\nProdukcja zgrzewarek, form oraz pi\u0142 i gilotyn do&nbsp;profili EPDM.<br \/>\nLinie technologiczne do produkcji materia\u0142\u00f3w kompozytowych.<br \/>\nStanowiska technologiczne wspomagaj\u0105ce proces.<br \/>\nUrz\u0105dzenia grzewcze.<br \/>\nIzolacje akustyczne.<br \/>\nProjektowanie i wykonanie nowych urz\u0105dze\u0144 przemys\u0142owych zgodnie z wymaganiami klienta.<br \/>\nModernizacja i automatyzacja maszyn przemys\u0142owych.<br \/>\nDostosowanie maszyn do wymog\u00f3w dyrektywy MD2006\/42\/WE.<\/p>\n<p>Nie ma dla nas wyzwa\u0144 zbyt trudnych!<\/p>\n","protected":false},"excerpt":{"rendered":"<p>Produkcja maszyn specjalistycznych wed\u0142ug wymaga\u0144 klienta. Produkcja zgrzewarek, form oraz pi\u0142 i gilotyn do&nbsp;profili EPDM. Linie technologiczne do produkcji materia\u0142\u00f3w<\/p>\n","protected":false},"author":1,"featured_media":0,"parent":0,"menu_order":0,"comment_status":"closed","ping_status":"closed","template":"","meta":{"footnotes":""},"class_list":["post-31","page","type-page","status-publish","hentry","not-sticky"],"jetpack_sharing_enabled":true,"_links":{"self":[{"href":"https:\/\/remtech.com.pl\/index.php?rest_route=\/wp\/v2\/pages\/31","targetHints":{"allow":["GET"]}}],"collection":[{"href":"https:\/\/remtech.com.pl\/index.php?rest_route=\/wp\/v2\/pages"}],"about":[{"href":"https:\/\/remtech.com.pl\/index.php?rest_route=\/wp\/v2\/types\/page"}],"author":[{"embeddable":true,"href":"https:\/\/remtech.com.pl\/index.php?rest_route=\/wp\/v2\/users\/1"}],"replies":[{"embeddable":true,"href":"https:\/\/remtech.com.pl\/index.php?rest_route=%2Fwp%2Fv2%2Fcomments&post=31"}],"version-history":[{"count":5,"href":"https:\/\/remtech.com.pl\/index.php?rest_route=\/wp\/v2\/pages\/31\/revisions"}],"predecessor-version":[{"id":568,"href":"https:\/\/remtech.com.pl\/index.php?rest_route=\/wp\/v2\/pages\/31\/revisions\/568"}],"wp:attachment":[{"href":"https:\/\/remtech.com.pl\/index.php?rest_route=%2Fwp%2Fv2%2Fmedia&parent=31"}],"curies":[{"name":"wp","href":"https:\/\/api.w.org\/{rel}","templated":true}]}}