{"id":36,"date":"2016-05-13T14:27:48","date_gmt":"2016-05-13T14:27:48","guid":{"rendered":"http:\/\/remtech.com.pl\/?page_id=36"},"modified":"2016-08-29T09:33:30","modified_gmt":"2016-08-29T09:33:30","slug":"linie-do-produkcji-profili-uszczelniajacych-epdm","status":"publish","type":"page","link":"https:\/\/remtech.com.pl\/?page_id=36&lang=pl","title":{"rendered":"Linie do produkcji profili uszczelniaj\u0105cych EPDM"},"content":{"rendered":"<p><strong>Zgrzewarki uszczelek EPDM:<\/strong><\/p>\n<p>Od wielu lat produkujemy zgrzewarki do profili uszczelniaj\u0105cych. Wykonujemy zgrzewarki w wersjach dostosowanych do wymiar\u00f3w profili uszczelniaj\u0105cych.<\/p>\n<p>Folder reklamowy <a href=\"http:\/\/remtech.com.pl\/wp-content\/uploads\/2016\/05\/Zgrzewarki.pdf\">zgrzewarki.pdf<\/a><\/p>\n<p>G\u0142\u00f3wne zalety naszych zgrzewarek to:<\/p>\n<ul>\n<li>mo\u017cliwo\u015b\u0107 zgrzewania profili o \u015brednicach ju\u017c od 80mm,<\/li>\n<li>wykorzystuj\u0105 podzespo\u0142y renomowanych firm m.in. Siemens i Festo,<\/li>\n<li>sterowanie temperatur\u0105 odbywa si\u0119 przy pomocy sterownika PLC Siemens,<\/li>\n<li>osobna regulacja ci\u015bnienia ka\u017cdego podzespo\u0142u,<\/li>\n<li>jeden kolorowy, dotykowy wy\u015bwietlacz.<\/li>\n<\/ul>\n<p>&nbsp;<\/p>\n<p><strong>Formy do\u00a0zgrzewania uszczelek EPDM:<\/strong><\/p>\n<p>Formy do zgrzewarek wykonujemy samodzielnie. Produkujemy tak\u017ce formy do zgrzewarek innych producent\u00f3w. Dzi\u0119ki wykonaniu ze stali narz\u0119dziowej formy wytrzymuj\u0105 kilka lat pracy tr\u00f3jzmianowej. Wykonujemy je na podstawie pr\u00f3bek profili, dzi\u0119ki czemu profile idealnie pasuj\u0105 do otworu w formie. Wykonujemy formy k\u0105towe , kt\u00f3re pozwalaj\u0105 na \u00a0zgrzewanie uszczelnie\u0144 okiennych, oraz formy sk\u0142adane do zgrzewania trudnych profili.<\/p>\n<p>Folder reklamowy <a href=\"http:\/\/remtech.com.pl\/wp-content\/uploads\/2016\/05\/Zgrzewarki.pdf\">formy.pdf<\/a><\/p>\n<p><strong>Gilotyny i pi\u0142y do profili uszzcelek\u00a0EPDM:<\/strong><\/p>\n<p>Gilotyny i pi\u0142y stanowi\u0105 uzupe\u0142nienie linii do produkcji. Produkujemy wersje tn\u0105ce prostopadle oraz pod k\u0105tem. Pi\u0142y tn\u0105ce pod k\u0105tem znajduj\u0105 zastosowanie w produkcji uszczelnie\u0144 do okien. Gilotyny automatyczne odmierzaj\u0105 zadan\u0105 d\u0142ugo\u015b\u0107 profilu przy u\u017cyciu serwonap\u0119d\u00f3w, dzi\u0119ki czemu d\u0142ugo\u015b\u0107 odci\u0119tego fragmentu zachowana jest z precyzj\u0105 si\u0119gaj\u0105c\u0105 dziesi\u0105tych cz\u0119\u015bci milimetra.<\/p>\n<p>Folder reklamowy <a href=\"http:\/\/remtech.com.pl\/wp-content\/uploads\/2016\/05\/gilotyny.pdf\">gilotyny.pdf<\/a><\/p>\n<div class=\"gmedia_gallery amron_module is_bot\" id=\"GmediaGallery_15\" data-gmid=\"15\" data-module=\"amron\"><script type=\"text\/javascript\">\n\t(function() {\n\t\tthis['GmediaGallery_15'] = {\n\t\t\t'settings':{\"collectionThumbRecomendedWidth\":\"260\",\"collectionPreloaderColor\":\"333333\",\"linkTargetWindow\":\"_blank\",\"thumbSpacing\":\"10\",\"tagsFilter\":\"0\",\"tagCloudAll\":\"All\",\"tagCloudTextColor\":\"rgba(0, 0, 0, 1)\",\"tagCloudTextColorOver\":\"rgba(255,255, 255, 1)\",\"tagCloudBgColor\":\"rgba(211, 211, 211, 1)\",\"tagCloudBgColorOver\":\"rgba(11, 11, 11, 1)\",\"collectionThumbHoverColor\":\"rgba(0, 0, 0, .7)\",\"collectionThumbContentBGColor\":\"rgba(245,245,245,1)\",\"collectionThumbTitleShow\":\"0\",\"collectionThumbTitleColor\":\"rgba(0,0,0,1)\",\"collectionThumbFontSize\":\"18\",\"collectionThumbDescriptionShow\":\"0\",\"collectionThumbDescriptionColor\":\"rgba(0,0,0,1)\",\"collectionThumbDescriptionFontSize\":\"15\",\"collectionReadMoreButtonLabel\":\"Read More\",\"collectionReadMoreButtonLabelColor\":\"rgba(255, 255, 255, 1)\",\"collectionReadMoreButtonBGColor\":\"rgba(0, 0, 0, 1)\",\"collectionReadMoreButtonLabelColorHover\":\"rgba(0, 0, 0, 1)\",\"collectionReadMoreButtonBGColorHover\":\"rgba(235,235,235,1)\",\"modaBgColor\":\"rgba(0,0,0,0.9)\",\"modalInfoBoxBgColor\":\"rgba(255,255,255,1)\",\"modalInfoBoxTitleTextColor\":\"000000\",\"modalInfoBoxTextColor\":\"333333\",\"infoBarCountersEnable\":\"0\",\"infoBarDateInfoEnable\":\"0\",\"lightBoxEnable\":\"1\",\"sliderPreloaderColor\":\"ffffff\",\"sliderBgColor\":\"rgba(0,0,0,0.8)\",\"sliderHeaderFooterBgColor\":\"000000\",\"sliderNavigationColor\":\"rgba(0,0,0,1)\",\"sliderNavigationIconColor\":\"rgba(255,255,255,1)\",\"sliderNavigationColorOver\":\"rgba(255,255,255,1)\",\"sliderNavigationIconColorOver\":\"rgba(0,0,0,1)\",\"sliderItemTitleFontSize\":\"24\",\"sliderItemTitleTextColor\":\"ffffff\",\"sliderThumbBarEnable\":\"0\",\"sliderThumbBarHoverColor\":\"ffffff\",\"sliderThumbSubMenuBackgroundColor\":\"rgba(0,0,0,1)\",\"sliderThumbSubMenuBackgroundColorOver\":\"rgba(255,255,255,1)\",\"sliderThumbSubMenuIconColor\":\"rgba(255,255,255,1)\",\"sliderThumbSubMenuIconHoverColor\":\"rgba(0,0,0,1)\",\"sliderInfoEnable\":\"0\",\"sliderItemDownload\":\"0\",\"sliderItemDiscuss\":\"0\",\"sliderSocialShareEnabled\":\"0\",\"sliderLikesEnabled\":\"0\",\"customCSS\":\"\",\"module_url\":\"https:\\\/\\\/remtech.com.pl\\\/wp-content\\\/plugins\\\/grand-media\\\/module\\\/amron\",\"license\":\"\",\"post_url\":\"https:\\\/\\\/remtech.com.pl?rest_route=wpv2pages36\"},\n\t\t\t'appQuery':{\"orderby\":\"ID\",\"order\":\"DESC\",\"tag__in\":\"13\",\"status\":[\"publish\"],\"limit\":100},\n\t\t\t'appApi':\"https:\\\/\\\/remtech.com.pl\\\/?gmedia-app=1&gmappversion=4&gmmodule=1\",\n\t\t\t'appInfo':{\"name\":\"zgrzewarki\",\"description\":\"\"}};\n\t})();\n<\/script>\n<\/div>\n","protected":false},"excerpt":{"rendered":"<p>Zgrzewarki uszczelek EPDM: Od wielu lat produkujemy zgrzewarki do profili uszczelniaj\u0105cych. Wykonujemy zgrzewarki w wersjach dostosowanych do wymiar\u00f3w profili uszczelniaj\u0105cych.<\/p>\n","protected":false},"author":1,"featured_media":0,"parent":31,"menu_order":0,"comment_status":"closed","ping_status":"closed","template":"","meta":{"footnotes":""},"class_list":["post-36","page","type-page","status-publish","hentry","not-sticky"],"jetpack_sharing_enabled":true,"_links":{"self":[{"href":"https:\/\/remtech.com.pl\/index.php?rest_route=\/wp\/v2\/pages\/36","targetHints":{"allow":["GET"]}}],"collection":[{"href":"https:\/\/remtech.com.pl\/index.php?rest_route=\/wp\/v2\/pages"}],"about":[{"href":"https:\/\/remtech.com.pl\/index.php?rest_route=\/wp\/v2\/types\/page"}],"author":[{"embeddable":true,"href":"https:\/\/remtech.com.pl\/index.php?rest_route=\/wp\/v2\/users\/1"}],"replies":[{"embeddable":true,"href":"https:\/\/remtech.com.pl\/index.php?rest_route=%2Fwp%2Fv2%2Fcomments&post=36"}],"version-history":[{"count":7,"href":"https:\/\/remtech.com.pl\/index.php?rest_route=\/wp\/v2\/pages\/36\/revisions"}],"predecessor-version":[{"id":534,"href":"https:\/\/remtech.com.pl\/index.php?rest_route=\/wp\/v2\/pages\/36\/revisions\/534"}],"up":[{"embeddable":true,"href":"https:\/\/remtech.com.pl\/index.php?rest_route=\/wp\/v2\/pages\/31"}],"wp:attachment":[{"href":"https:\/\/remtech.com.pl\/index.php?rest_route=%2Fwp%2Fv2%2Fmedia&parent=36"}],"curies":[{"name":"wp","href":"https:\/\/api.w.org\/{rel}","templated":true}]}}